it of q?
3
Let x = -422 + 1764. What is the thousands digit of x?
1
Suppose 223*k = -297*k + 212*k + 2126740. What is the tens digit of k?
0
Let s(z) = -2*z + 22. Let g be s(4). Suppose -g*u = -18*u + 152. What is the units digit of u?
8
Let r be (-24)/(-64) + (-59774)/(-176). Suppose -5*l - o = 561, -l - 7*o - 93 = -2*o. Let p = l + r. What is the hundreds digit of p?
2
Suppose -30*o = -5*x - 24*o + 98929, -2*o + 19789 = x. What is the ten thousands digit of x?
1
Suppose -197 + 71 = -6*n. What is the tens digit of 132*56/n + 2*-2?
4
Let s be ((-3)/(-9))/(1/69). Suppose 5*j + 8 - s = 0. Suppose j*v + 49 = 4*v. What is the tens digit of v?
4
Let b(y) = 37*y - 136. Let l be b(4). Let x(h) = h**3 - 4*h**2 - 15*h + 32. What is the tens digit of x(l)?
0
Let t(q) = 85*q - 40. Let k be t(-4). Let u = k - -579. What is the units digit of u?
9
Suppose 5*t - 2*w = 8 + 35, -4*w = -t + 23. Suppose 0 = -x - 5, 9*x = 5*h + t*x - 2635. What is the units digit of h?
5
Suppose 3*n = -5*y + 25, -n + 0 = -5. Let j be y*(-50)/(-6)*(-6 - -9). Suppose -j = -v - v. What is the units digit of v?
5
Let k be (-6380)/(-80) - (-1)/(-4)*-1. What is the hundreds digit of (-5)/(k/(-3732)) - 12/(-16)?
2
What is the units digit of ((-1)/(-7))/((-3)/(-21))*14723?
3
Let v be 7/1 - (-4 + 8). Let t(h) be the first derivative of 2*h**4 - 2*h**3/3 + 7*h**2/2 - h + 6. What is the tens digit of t(v)?
1
Let k(a) be the first derivative of a**3/3 + 3*a**2 + a + 13. Suppose -13*v + 11*v + 6 = 0. What is the tens digit of k(v)?
2
Let x = 885 + 723. Let q = x + -1134. What is the hundreds digit of q?
4
Let w = 20322 - 6878. What is the thousands digit of w?
3
Let v = -95 - -94. Let y be -22 + 17 + v + -260. Let l = y - -452. What is the tens digit of l?
8
Suppose l + 763 = 4*o, 19*o - 5*l = 23*o - 769. What is the hundreds digit of o?
1
Let m(p) = 519*p**3 - 4*p**2 + 7*p - 10. Let j be m(2). Suppose -8*r + 5*r - 3*f + j = 0, 0 = 3*r - 5*f - 4140. What is the hundreds digit of r?
3
Suppose 4*l - 211447 = -3*q, -18*q + 352427 = -13*q - l. What is the hundreds digit of q?
4
What is the units digit of -3 - (490/4)/((-24)/240)?
2
Let a = -335 - -337. What is the units digit of (a + -1 + 164)*(-17)/(-17)?
5
Suppose -36*z = -27*z - 18. What is the units digit of (2 + (-2467)/z)*(-2)/3?
1
Let a(f) = -28*f**3 + 9*f**2 - 3*f + 8. Suppose -2*p = -5*v - 3*p - 25, 2*v + p + 13 = 0. What is the thousands digit of a(v)?
1
Suppose -11*v = -3*z + 161788, -3*z - 75573 + 237337 = v. What is the hundreds digit of z?
9
Let v be 2 + 1/((-24790)/4132 - -6). Let m = -847 + v. What is the units digit of m?
1
Suppose -4*v - 903 = -2883. Suppose 210 = 2*c - 2*m, 10*c + 5*m = 5*c + v. What is the hundreds digit of c?
1
Suppose -3*o + 627 = 2*x, 3*o - 942 = x - 324. Suppose -212*m + 1425 = -o*m. What is the units digit of m?
5
Let r(f) = -440 + 2*f**2 + 418 - 4*f + f**3 + 11*f**2. What is the hundreds digit of r(-9)?
3
Suppose 0 = -41*b + 55 + 109. Let n be 1/(1*(-1)/(-4)). Suppose 0 = n*i - i + 4*p - 592, b*i - 5*p = 841. What is the units digit of i?
4
Let i be (((-950)/(-20))/(-19))/((-2)/4). Suppose 0 = i*t + y - 546, -t + 5*y - 3*y = -118. What is the units digit of t?
0
Let t(q) = -4*q + 66. Let n be t(20). What is the tens digit of n/2 + (-13 - -335)?
1
Suppose -26 + 110 = -7*p. Let z(d) = -59*d - 51. What is the units digit of z(p)?
7
Suppose -4*l - 931 = -f, -2 = 2*l + 2. Let v = f - 570. What is the tens digit of v?
5
Let y(r) = -23*r - 71. Let l be y(-3). What is the tens digit of (l/(-4))/((-737)/738 + 1)?
6
Suppose 4*i + 5*z - 78 = -15, 0 = -4*i - 3*z + 57. Suppose 2*m - 588 = -4*s, 4*s = -0*s + i. What is the units digit of m?
8
Suppose -1651 = -39*c - 130. Let q(f) = -f**3 - f**2 - f + 1. Let a be q(2). Let s = c + a. What is the units digit of s?
6
Suppose -99935 = -16*q + 59217. What is the hundreds digit of q?
9
Let p(a) = 21*a**2 - 6*a - 5. Let r = 167 - 164. What is the units digit of p(r)?
6
Let n = 2498 - 1441. Let g = -336 + n. What is the tens digit of g?
2
Suppose 2*g + 2*b - 54 = 0, -3*b - 69 = 4*g - 6*g. Suppose 21*w + 378 = g*w. What is the tens digit of w?
4
Let x(h) = h**2 + 17*h - 47. Let r be x(-25). Suppose 4*t - 295 - r = 0. Let a = t + -32. What is the units digit of a?
0
Let k(a) = 25*a**2 + 19*a - 20. Let c be k(1). Suppose r - c = -3*u + 563, -4*u = 4*r - 796. What is the units digit of u?
4
Suppose 5*v + 4*n - 3 = 0, -2*n - n = 4*v - 2. Let k(f) = 8*f**3 - 124*f**3 + 0 + f**2 - 1. What is the units digit of k(v)?
6
Let a(g) = -g**3 + 5*g - 10. Let p be a(-3). Suppose 9*k = 3*z + 5*k - p, z = 3*k - 1. What is the units digit of z?
2
Let g(t) = 128*t**2 + 4*t - 66. What is the hundreds digit of g(-6)?
5
Let y(i) = -i**3 - 62*i**2 - 126*i + 11. What is the units digit of y(-61)?
6
Suppose -6*n = -147 - 93. What is the thousands digit of (-24)/n - (-16764)/15?
1
Let v(d) = -17*d - 27. Let m be v(-5). Let q = -55 + m. Suppose -5*t + q*r = -485, 0 = 2*t - 0*t + 4*r - 220. What is the tens digit of t?
0
Let c = -12 - -14. Suppose -3*k - 8 = -4*z, -c*k + k = 0. Suppose 0 = z*h - 3*o - 237, h - 2*o = -0*o + 116. What is the units digit of h?
6
Suppose -4*f = -3*w - 163, w - 54 = 2*w - f. What is the tens digit of (-23585)/w + (0 - 1)?
4
Let m(x) = 17*x**2 + 10*x**3 + 10*x**3 - 23 - 19*x**3 + 14*x. Let a be m(-16). What is the tens digit of (-2 - 4)*(-21)/a?
1
Let l be ((-672)/(-128))/((-2)/(-8)). Suppose -5*j - 5*x + 3360 = 0, l*j - 4*x + 1342 = 23*j. What is the tens digit of j?
7
Let c = 495 + -493. Suppose 2*u - 2807 = -2*b + u, 2792 = c*b - 2*u. What is the tens digit of b?
0
Let t be (0 + -5)/((-79)/(-790)). Suppose 0 = 5*p - 4*p + 73. Let o = t - p. What is the tens digit of o?
2
Let t(x) = 1142*x + 3. What is the hundreds digit of t(6)?
8
Suppose 2*a + 5*a - 14 = 0. Let h be ((136/(-10))/a)/(44/(-110)). Suppose -5*q - 4*r = -25, 2*q + 4*r - h = 5*q. What is the units digit of q?
1
Suppose 6*d - 123 = -81. Suppose 0 = -d*c + 2621 - 339. Suppose 5*u - 4*y = 440, 4*u - y = -3*y + c. What is the tens digit of u?
8
Let r(o) = 2*o**2 + 3*o + 2. Let t(d) = 20*d**2 + d + 2. Let w be t(2). Let f be (-48)/w + 104/(-14). What is the tens digit of r(f)?
0
Let f(l) = 20*l**3 - 2*l**2 + 2. Let x be f(-1). What is the hundreds digit of 961 - (x/(-35) - 4/7)?
9
Suppose -5*j + 74700 = 736*m - 734*m, -2*j + 29866 = -2*m. What is the units digit of j?
8
Let m(k) = -10*k + 42. Let r be m(5). Let c be 6/r*((-2249 - -7) + 6). Suppose 605 = -4*g + c. What is the hundreds digit of g?
2
Let k(l) = 350*l**2 + 83*l - 120. What is the hundreds digit of k(-8)?
6
Let t(m) = -m**2 + 26. Let s be t(0). Let f = 19 + s. Let a = 34 + f. What is the tens digit of a?
7
Let x(l) = l**2 + l - 4. Suppose 5*c + 2 - 12 = 0. Let v be x(c). Suppose 4*z - i = 4*i + 427, 203 = v*z + i. What is the units digit of z?
3
Suppose 375*b - 3267312 = 7363938. What is the ten thousands digit of b?
2
Let u(r) = -r**3 + 12*r**2 - 13*r - 5. Let s be u(3). Suppose -j + 31 = -a, 5*a + 0*a = -j + s. What is the units digit of j?
2
Suppose s + 2 - 6 = 0. Let m(w) = -2*w**2 + 2*w + 14. Let l be m(s). What is the tens digit of ((-4)/l)/(-4*(-3)/4800)?
6
Let b be 1*(7 - (3 + -2)). Let h be (-1)/3 - (-128)/b. What is the tens digit of (-1 - 0)/(h/(-1386))?
6
Let t(g) = -13*g**2 - 25*g - 57. Let p(z) = -z**2 - z - 1. Let j(x) = 4*p(x) - t(x). What is the units digit of j(-12)?
7
Suppose -l = 4*l - 3*v - 34136, -3*l + 2*v + 20481 = 0. What is the units digit of l?
9
Let v(g) = -14*g**2 - 15*g - 70. Let k be v(-7). What is the hundreds digit of k/42*60/(-3)?
3
Let n be (-70)/(-15)*(-144)/(-28). Suppose 2*f = -5*m + 26, -6*f + 2*f + n = -4*m. Suppose 0 = o - 139 + f. What is the tens digit of o?
3
Let f(y) = 5*y**2 - 14*y - 21. Let q be f(9). Let i = q - 51. Suppose w = -59 + i. What is the units digit of w?
8
Suppose 13418 = 6*h - 8128. Suppose -4*d - 323 + h = 0. What is the units digit of d?
7
Let i be (116/(-14))/((-6)/(-14))*-117. Suppose 4*y + 8 = 0, 2*o + 3*y + i = 6*o. What is the tens digit of o?
6
Let k(x) = 4*x - 18. Let f = 29 + -32. Let u(t) = -2*t + 9. Let d(s) = f*k(s) - 5*u(s). What is the tens digit of d(-5)?
1
Suppose 2*s = -4*w + 34, -2*s + 31 = -0*w + w. Suppose -20*l + 1665 = -s*l. What is the tens digit of l?
3
What is the